{"id":69,"date":"2025-08-16T16:57:25","date_gmt":"2025-08-16T16:57:25","guid":{"rendered":"http:\/\/kanzlei-mueller-planitz.de\/?page_id=69"},"modified":"2025-08-16T17:21:03","modified_gmt":"2025-08-16T17:21:03","slug":"kontakt","status":"publish","type":"page","link":"https:\/\/kanzlei-mueller-planitz.de\/?page_id=69","title":{"rendered":"Kontakt"},"content":{"rendered":"\n<p><strong>M\u00fcller-Planitz &#8211; Kanzlei f\u00fcr Wirtschaftsrecht &amp; Arbeitsrecht <\/strong><\/p>\n\n\n\n<p>Rechtsanw\u00e4ltin Sonja M\u00fcller-Planitz<br>Welle 8<br>33602 Bielefeld<\/p>\n\n\n\n<p><strong>E-Mail: kanzlei(at)mueller-planitz.de<\/strong><br><strong>Tel.: 0521 &#8211; 44814740<\/strong><\/p>\n\n\n\n<p><\/p>\n\n\n\n<p><\/p>\n","protected":false},"excerpt":{"rendered":"<p>M\u00fcller-Planitz &#8211; Kanzlei f\u00fcr Wirtschaftsrecht &amp; Arbeitsrecht Rechtsanw\u00e4ltin Sonja M\u00fcller-PlanitzWelle 833602 Bielefeld E-Mail: kanzlei(at)mueller-planitz.deTel.: 0521 &#8211; 44814740<\/p>\n","protected":false},"author":1,"featured_media":0,"parent":0,"menu_order":2,"comment_status":"closed","ping_status":"closed","template":"","meta":{"footnotes":""},"class_list":["post-69","page","type-page","status-publish","hentry"],"blocksy_meta":[],"_links":{"self":[{"href":"https:\/\/kanzlei-mueller-planitz.de\/index.php?rest_route=\/wp\/v2\/pages\/69","targetHints":{"allow":["GET"]}}],"collection":[{"href":"https:\/\/kanzlei-mueller-planitz.de\/index.php?rest_route=\/wp\/v2\/pages"}],"about":[{"href":"https:\/\/kanzlei-mueller-planitz.de\/index.php?rest_route=\/wp\/v2\/types\/page"}],"author":[{"embeddable":true,"href":"https:\/\/kanzlei-mueller-planitz.de\/index.php?rest_route=\/wp\/v2\/users\/1"}],"replies":[{"embeddable":true,"href":"https:\/\/kanzlei-mueller-planitz.de\/index.php?rest_route=%2Fwp%2Fv2%2Fcomments&post=69"}],"version-history":[{"count":6,"href":"https:\/\/kanzlei-mueller-planitz.de\/index.php?rest_route=\/wp\/v2\/pages\/69\/revisions"}],"predecessor-version":[{"id":82,"href":"https:\/\/kanzlei-mueller-planitz.de\/index.php?rest_route=\/wp\/v2\/pages\/69\/revisions\/82"}],"wp:attachment":[{"href":"https:\/\/kanzlei-mueller-planitz.de\/index.php?rest_route=%2Fwp%2Fv2%2Fmedia&parent=69"}],"curies":[{"name":"wp","href":"https:\/\/api.w.org\/{rel}","templated":true}]}}